**2 + 5*q. Give c(-5).
-50
Let h(o) = 4*o - 40. Determine h(10).
0
Let k(o) = o + 1. What is k(4)?
5
Let o(w) = 9*w**3 + w**2 - 3*w + 1. Determine o(2).
71
Let d(t) = -6*t - 30. Determine d(-7).
12
Let p(c) = -3*c + 95. Calculate p(16).
47
Let u(z) = -3*z**2 - 23*z + 24. Calculate u(1).
-2
Let c(h) = -2*h**2 + 23*h - 9. Give c(11).
2
Let i(j) = -j**3 - 10*j**2 - 5*j + 4. What is i(-9)?
-32
Let r(f) = -2*f - 12. Calculate r(6).
-24
Let u(c) = c**2 - 6*c - 18. Calculate u(8).
-2
Let o(n) = -n**3 - 23*n**2 - 23*n - 10. Determine o(-22).
12
Let o(a) = 8*a + 2. Calculate o(0).
2
Let m(z) = -z**3 - 14*z**2 - 12*z + 18. Calculate m(-13).
5
Let r(s) = -s**3 - 5*s**2 + 6*s - 6. What is r(-6)?
-6
Let z(n) = -4*n**2 - 3*n - 3. What is z(-1)?
-4
Let u(c) = c**3 + 7*c**2 - 2*c - 4. Give u(-8).
-52
Let l(s) = -52*s + 1. Calculate l(-1).
53
Let l(y) = -7*y**2 - 6*y + 9. What is l(2)?
-31
Let k(d) = 7*d + 7. What is k(-2)?
-7
Let c(r) = 2*r**2 - 3*r + 1. Calculate c(1).
0
Let h(o) = o**3 + 22*o**2 + 32*o - 25. Give h(-20).
135
Let g(t) = -37*t + 1. Determine g(2).
-73
Let c(u) = -129*u - 900. What is c(-7)?
3
Let q(t) = 4*t + 179. Determine q(-44).
3
Let d(u) = 36*u - 210. Calculate d(6).
6
Let k(l) = 2*l**2 + 20*l + 43. Determine k(-6).
-5
Let c(t) = -t**3 - 13*t**2 - 2*t - 7. Determine c(-13).
19
Let v(j) = j**2 + 3*j - 50. Give v(-9).
4
Let n(z) = -z**3 - 5*z**2 + 7*z + 9. Determine n(-6).
3
Let d(b) = 3*b + 14. Calculate d(-14).
-28
Let l(a) = 6*a + 7. Give l(-5).
-23
Let x(c) = -c**2 + c - 1. Give x(1).
-1
Let f(s) = s**2 + 5*s + 1. Calculate f(-2).
-5
Let j(v) = 11*v**2 - 34. Calculate j(0).
-34
Let w(l) = -l**3 - 2*l**2 + 3*l. Give w(2).
-10
Let b(g) = -g**2 + 2. What is b(4)?
-14
Let c(a) = 3*a**3 + a**2 - 3*a - 2. Calculate c(3).
79
Let n(l) = 7*l + 1. Give n(1).
8
Let m(f) = -2*f + 16. Give m(6).
4
Let u(d) = -d**2 - 6*d. Calculate u(-5).
5
Let r(p) = 3*p - 39. Give r(10).
-9
Let u(m) = -50*m + 352. Give u(7).
2
Let k(a) = -22*a**2 + a - 2. Give k(2).
-88
Let u(g) = -4*g**3 + 2*g + 2. Calculate u(-1).
4
Let v(b) = b - 20. Calculate v(4).
-16
Let k(l) = -l**3 - 7*l**2 + 4*l + 47. What is k(-5)?
-23
Let i(y) = 4*y**2 + 5*y + 2. Give i(-3).
23
Let n(t) = 3*t - 46. Calculate n(13).
-7
Let o(f) = -f**3 - 9*f**2 - 3*f + 3. Give o(-4).
-65
Let h(w) = w**2 + 5*w - 25. Calculate h(-6).
-19
Let u(d) = -d**2 - 15*d - 20. Calculate u(-14).
-6
Let v(p) = -p**2 + 3*p + 13. What is v(6)?
-5
Let m(q) = 2*q - 14. Calculate m(-2).
-18
Let s(u) = -2*u**2 + 51*u - 213. Calculate s(5).
-8
Let s(o) = -o - 21. Calculate s(0).
-21
Let d(b) = 10*b**2 + 3*b + 3. Give d(-2).
37
Let o(r) = -309*r + 938. Give o(3).
11
Let q(x) = -x**3 + 4*x**2 + 6*x - 2. Give q(5).
3
Let d(i) = -13*i - 16. Calculate d(-3).
23
Let s(w) = 5*w**2 + 26*w - 3. Calculate s(-4).
-27
Let n(a) = a**3 + 5*a**2 + 2*a - 3. Determine n(-5).
-13
Let q(s) = -s**2 - 9*s - 1. Calculate q(-6).
17
Let l(g) = -4*g**2 + 35*g + 28. Give l(9).
19
Let u(b) = -12*b + 7. What is u(4)?
-41
Let n(g) = g**3 + 7*g**2 - 9*g + 2. Calculate n(-7).
65
Let c(r) = -r**2 + 3*r - 1. Calculate c(4).
-5
Let z(l) = -l + 1. Calculate z(-5).
6
Let m(h) = -23*h**2 - h - 1. Calculate m(-1).
-23
Let i(w) = -2*w**2 + 5*w - 6. Calculate i(4).
-18
Let u(g) = g**2 - 7*g + 2. Calculate u(7).
2
Let y(g) = -2*g**3 + 4*g**2 - 7*g + 13. Determine y(3).
-26
Let i(d) = -13*d + 22. Calculate i(2).
-4
Let o(b) = -b**3 - 10*b**2 + 11*b + 27. Give o(-11).
27
Let v(u) = -4*u**2 - u + 2. Give v(-2).
-12
Let j(h) = 30*h**2 + 3*h + 2. Give j(-1).
29
Let v(k) = 3*k + 7. Give v(-4).
-5
Let a(o) = -2*o - 35. Calculate a(-16).
-3
Let l(s) = s**3 - 30*s**2 + 25*s + 121. Give l(29).
5
Let v(u) = -u**3 + 6*u**2 - 7*u - 3. Calculate v(4).
1
Let p(w) = w**3 + 9*w**2 - 10*w. Determine p(-10).
0
Let v(d) = -2*d + 14. Determine v(9).
-4
Let g(o) = -o**3 + 8. Calculate g(0).
8
Let a(h) = 6*h + 5. What is a(-6)?
-31
Let f(b) = -b**3 - 19*b**2 + 11*b + 23. Determine f(-19).
-186
Let x(q) = q**2 - 53*q - 56. Calculate x(54).
-2
Let z(b) = 6*b**2 - 7*b + 4. What is z(4)?
72
Let r(z) = -7*z + 16. What is r(5)?
-19
Let p(r) = r - 27. Give p(-9).
-36
Let f(b) = -26*b**3 - b**2 + 3. Calculate f(1).
-24
Let w(n) = -28*n + 208. What is w(8)?
-16
Let p(j) = -j**2 + 10*j - 2. Give p(7).
19
Let j(n) = -6*n + 125. Give j(19).
11
Let r(m) = -m**2 + 19*m - 36. Give r(17).
-2
Let h(l) = l**2 + 5*l - 13. Give h(-6).
-7
Let w(b) = b**3 - 6*b**2 - 2*b + 18. Determine w(6).
6
Let p(c) = 2*c**3 - 3*c**2 + 8*c - 4. What is p(3)?
47
Let z(k) = -7*k - 68. Calculate z(-10).
2
Let i(j) = 9*j**2 - j. Calculate i(1).
8
Let f(n) = n**3 + 16*n**2 + 30*n + 19. What is f(-14)?
-9
Let u(s) = -3*s. What is u(-2)?
6
Let w(z) = 4*z - 38. What is w(9)?
-2
Let b(m) = m**3 + 18*m**2 + 23*m + 93. Determine b(-17).
-9
Let m(t) = 11*t**2 - 29*t. Determine m(3).
12
Let r(v) = -7*v**2 - v - 3. Give r(3).
-69
Let k(u) = 35*u**2 + 9*u + 7. Determine k(-1).
33
Let c(j) = 3*j - 5. Determine c(7).
16
Let a(i) = 11*i + 291. Determine a(-26).
5
Let f(q) = -9*q**2 + 3*q - 2. Give f(1).
-8
Let j(h) = 11*h**2. Give j(1).
11
Let a(w) = -2*w**2 + 14*w + 5. What is a(9)?
-31
Let y(u) = u**3 - 6*u**2 + 4*u + 2. What is y(5)?
-3
Let d(l) = l**3 + 17*l**2 - 7. Calculate d(-17).
-7
Let k(a) = -a**2 - 12*a + 8. Give k(-7).
43
Let h(c) = -c**2 + 6*c - 5. Calculate h(7).
-12
Let q(p) = p**2 - 9*p + 19. Give q(2).
5
Let x(n) = -2*n**3 + 4*n**2 + 2*n - 2. What is x(2)?
2
Let o(h) = 39*h**2 - 1. Calculate o(1).
38
Let w(i) = i**2 - 6*i + 3. What is w(7)?
10
Let a(z) = z**3 + 20*z**2 + 22*z + 39. Determine a(-19).
-18
Let y(r) = -r**2 + 8*r. Give y(8).
0
Let q(b) = b**2 + 6*b + 20. Determine q(-4).
12
Let t(a) = -a**3 + 11*a**2 + 24. What is t(10)?
124
Let b(o) = -o - 10. What is b(-13)?
3
Let t(u) = u**2 - 6*u - 18. Calculate t(13).
73
Let s(y) = 2*y**2 - 13*y + 31. What is s(3)?
10
Let m(n) = 3*n - 51. Calculate m(15).
-6
Let p(q) = -q + 7. Give p(12).
-5
Let z(y) = -21*y + 9. Determine z(0).
9
Let n(s) = -s**2 + 2*s + 4. What is n(7)?
-31
Let d(q) = -q**2 + q - 1. What is d(2)?
-3
Let r(a) = -a**3 - 7*a**2 - 5*a + 3. Calculate r(-6).
-3
Let b(m) = -m**2 - 28*m - 150. Calculate b(-18).
30
Let y(x) = x**2 - 12*x - 10. What is y(11)?
-21
Let o(h) = -h**3 + 14*h**2 - 19*h - 69. What is o(12)?
-9
Let d(f) = 3*f - 27. Determine d(5).
-12
Let x(z) = -5*z - 4. What is x(5)?
-29
Let y(n) = -n**2 - 2*n - 6. Determine y(3).
-21
Let t(p) = p**2 + 18*p + 15. What is t(-14)?
-41
Let o(r) = r**3 - 13*r**2 + 11*r + 13. What is o(12)?
1
Let y(k) = -k**2 + k + 23. Determine y(0).
23
Let g(r) = -r**2 - 5*r - 12. Determine g(-8).
-36
Let c(i) = -i**2 + 24*i - 156. Calculate c(11).
-13
Let w(p) = -2*p**3 - 19*p**2 - 9*p + 2. Determine w(-9).
2
Let x(o) = -o**2 + 9*o + 33. Calculate x(12).
-3
Let a(y) = -20*y - 6. Determine a(-2).
34
Let t(g) = -5*g + 1. What is t(1)?
-4
Let m(t) = t**2 - 5*t - 1. Give m(6).
5
Let p(r) = -2*r**2 + r. What is p(-1)?
-3
Let x(i) = -5*i - 3. Give x(1).
-8
Let d(m) = m**3 + 2*m**2 - 6*m - 10. Determine d(-4).
-18
Let s(l) = l**3 - 4*l**2 - 2*l - 77. What is s(0)?
-77
Let y(l) = l**2 - 5*l + 3. Calculate y(2).
-3
Let c(q) = q**3 + q**2 - q + 1. Give c(-1).
2
Let s(d) = d**2 + 10*d + 11. Determine s(-9).
2
Let l(c) = 21*c. Determine l(-2).
-42
Let u(l) = -l**3 + 5*l**2 - 2*l - 3. Determine u(4).
5
Let a(p) = -p**3 - 3*p**2 - 2*p - 1. What is a(-3)?
5
Let i(k) = -7*k**2 + k - 6. What is i(2)?
-32
Let w(x) = 30*x - 213. Give w(7).
-3
Let r(i) = 12*i + 77. Give r(-11).
-55
Let g(n) = 5*n + 59. Give g(12).
119
Let q(b) = -109*b - 1096. Give q(-10).
-6
Let o(y) = y**3 - 3*y**2 + y - 1. Calculate o(4).
19
Let p(o) = -9*o - 69. Determine p(-7).
-6
Let q(f) = f**2 + 20*f - 37. Calculate q(-22).
7
Let q(h) = -h**3 - 15*h**2 - 30. Calculate q(-15).
-30
Let t(o) = -o**2 - 47*o - 237. Calculate t(-41).
9
Let n(h) = 8*h - 2. Calculate n(-4).
-34
Let b(y) = -17*y + 164. What is b(9)?
11
Let h(b) = b**3 + 72*b**2 + 141*b + 66. What is h(-70)?
-4
Let m(p) = -p**2 - p + 43. What is m(0)?
43
Let g(b) = b**3 - 12*b**2 - 11*b - 29. Determine g(13).
-3
Let q(u) = -u**3 + 8*u**2 + 9*u - 9. Determine q(9).
-9
Let o(j) = -3*j**2 - 46*j + 28. What is o(-17)?
-57
Let q(s) = s**2 + 14*s - 13. Calculate q(-14).
-13
Let q(v) = v**3 + 7*v**2 + 7*v - 7. C